ivative of 5/2*m**2 + 0 + 19*m + 1/3*m**t. Calculate a(4).
13
Let d(o) = 43*o + 478. Let w be d(-11). Suppose 0 = 2*t + 3*t - 20. Let z(g) = -2 - 2*g + g + 3*g - t. Determine z(w).
4
Let q(r) = -r**3 - 7*r**2 - 4*r - 3. Let d(x) = x**3 + 11*x**2 + 12*x + 2. Let a be d(-10). Let m be (114/9)/(1 + 15/a). Let o = -82 + m. What is q(o)?
-15
Let u(l) = -14*l - 219*l**2 + 3*l + 169*l**2 + 2 + 49*l**2. Determine u(-12).
-10
Let c(i) = 15*i**2 + 24 - 3*i**2 - 7 - 3*i**2 + 5*i - 7*i**2. Determine c(-7).
80
Let t(r) = 8*r + 26. Let m(f) = 4*f + 12. Let w(a) = -5*a**2 + 74*a + 9. Let k be w(15). Let x(j) = k*t(j) + 13*m(j). Let g = -3 + 6. Give x(g).
12
Let s(i) be the third derivative of -11*i**4/12 - 22*i**3/3 + i**2 + 3*i - 1157. What is s(-6)?
88
Suppose 0 = 68*d - 597 + 53. Let x(l) = 9*l - 79. What is x(d)?
-7
Let d(i) = 17*i**2 + 5*i + 38. Let u(h) = 11*h**2 + 8*h + 25. Let x(r) = 5*d(r) - 8*u(r). What is x(-13)?
-10
Let i(j) = -j - 6. Let k(q) = 13 - 5 + 0*q + 8 - q. Let c be k(9). Suppose -c*p + p - 48 = 0. What is i(p)?
2
Let y(k) = -3 - 7*k**2 + 1 + 6*k + 0*k**2 + 6*k**2. Let b(o) = 2*o + 28. Let c be b(-11). What is y(c)?
-2
Let g(l) be the third derivative of -48*l**2 + 1/6*l**4 - 1/60*l**5 + 0*l + 7/6*l**3 + 0. Calculate g(7).
-14
Suppose -10*x - 17*x = -648. Suppose -x = 7*z + z. Let n(b) = -b**3 - 3*b**2 + 3*b + 2. What is n(z)?
-7
Suppose 123*m = 130*m - 245. Suppose -37*a + m*a = 14. Let l(d) = d + 4. What is l(a)?
-3
Suppose -5*g = -0*g + 5*o - 55, -5*g + 85 = -o. Let r be (15 - g) + (1 - 1). Let w(i) be the first derivative of -2*i**4 - i - 4. Determine w(r).
7
Let a(z) = -4 + 14 - 17 + z**3 + 6*z - 4 + z**2 - 11. What is a(0)?
-22
Let t(w) = w**3 - 3*w**2 + 3. Suppose 12*g = 13*g - 10. Suppose -6*k + g = -k. Suppose -k = -4*d + 10. Determine t(d).
3
Let p be (-3)/7 - (-49392)/(-2401). Let a(w) = w**3 + 24*w**2 + 64*w + 14. Determine a(p).
-7
Suppose 0 = 12*h - 9*h - 0*h. Let f(c) = -4 - 1 - 1 + 4 + h - 6*c. What is f(5)?
-32
Let i(o) = -18*o**2 + 2*o - 1. Let z be (-6)/(-9) + -12*(-42)/54. Let r be (6/(-3))/(-2)*(-9 + z). What is i(r)?
-17
Let d(o) = 37*o**2 - 11*o - 1. Let v(p) = 228*p**2 - 65*p - 8. Let f(z) = -37*d(z) + 6*v(z). Calculate f(14).
31
Let a(y) = 34*y + 72. Let v be ((-30)/360)/(3/(-9)) - 18/8. Determine a(v).
4
Let u be ((-10)/6 - -5)/((-1)/(-3)). Let s(h) = -7*h - 7 + 2*h + 7*h + h. Give s(u).
23
Suppose 7*r = 4*r, 0 = -2*p - 4*r + 48. Let n(c) = 3*c + 22 - 48 + p - 5*c. Let q be n(-1). Let h(k) = -k - 5. What is h(q)?
-5
Suppose -71*y - 166 = 240 + 162. Let w(c) = c**3 + 8*c**2 - 27. Determine w(y).
-27
Suppose 9 = -3*d - 3*m - 0, 0 = -d - 3*m - 11. Suppose q = v + d + 3, 3*q - 5*v - 14 = 0. Let o(k) = 66 - 22 - 8*k**2 - 24 + k**q - 28 + 8*k. Determine o(7).
-1
Let s(y) = -y - 19. Let j(k) = 2*k**2 - 21*k + 12. Let w(c) = -j(c) + 2*s(c). Calculate w(5).
-5
Let a(y) = y**3 - y**2 - 5*y + 2. Let x be ((-54)/(-30))/(6/50). Suppose -4*k + 24 = -m + 5*m, x = m + 4*k. Determine a(m).
5
Let m(k) be the third derivative of 7*k**4/24 - 8*k**3/3 + 13*k**2 + 403. Give m(4).
12
Let y(m) = -3 - m + 5*m - 3*m - 2*m. Suppose -3*w - 20 = -7*w. Suppose -w*g = -4 - 11. Determine y(g).
-6
Suppose 0 = -3*a + 4*g + 13, 2*a + 5*g - 10*g - 18 = 0. Let m(l) = 3*l + 12. Let r(u) = -u + 1. Let n(o) = a*m(o) - 2*r(o). Determine n(-8).
-6
Let z(y) = y**2 - 2*y - 1. Let p = 151 - 145. Suppose -33*d + p = -30*d. Give z(d).
-1
Let z(u) = -2 - 98*u - 118*u + 218*u. Suppose -3*b + 8 = 4*h - 8, 0 = b. What is z(h)?
6
Let j(w) be the first derivative of 23*w - 20/3*w**3 - 106 - 1/2*w**2 + 1/4*w**4. Calculate j(20).
3
Let j(l) = -4*l - 2*l + 6*l - 23*l**3. Let w(a) = -a**3 + 6*a**2 + a - 5. Let r be w(6). Determine j(r).
-23
Let t(x) = -3 + x**3 + 6*x**2 - 13*x + 7 + 11*x + 3. Let c be t(-6). Let u(a) = -64*a + 20*a + 24*a + c*a. Give u(-3).
3
Suppose g = -2*k - 491 + 511, 5*k - 65 = -5*g. Let d(b) = -2*b**2 + 13*b - 37. Give d(g).
-31
Let u(i) = -2*i + 66 - 2*i - 70 - 98 + 8*i. Determine u(21).
-18
Let l(p) = p**2 + 3*p - 3. Let h(n) = n**3 + 3*n**2 - 8*n + 2. Let j be h(-6). Let v = -1998 + 1934. Let b = v - j. Give l(b).
15
Let q(s) be the first derivative of -s**2/2 - 6*s - 113. Determine q(-14).
8
Let v(w) = -w**3 - w**2 + 10*w - 4. Let p be 28/(-70)*((-30)/4)/1. What is v(p)?
-10
Let d be (1047/27 - -1) + 2/9. Let y be d/(-3)*(-54)/72. Let v(q) = q**2 - 8*q - 10. Give v(y).
10
Let y = -196 + 199. Let l(k) = -k + 0*k - 10*k + 2*k + k**2 + y*k - 11. Determine l(8).
5
Let y(m) = 0*m**3 - 5*m + 5*m**3 - 464*m**2 + 3 + 2 + 467*m**2 + 0. Calculate y(2).
47
Let l(g) = -11 - 3*g - 16 - 7 + 4 - 2. Give l(-7).
-11
Let g(w) = 26*w**2 - 24*w**2 - 2*w - 677 + 664. Calculate g(-4).
27
Let o(i) = -15*i**3 - i**2 - i + 1. Let y be o(1). Let b = y + 18. Let a(c) be the second derivative of 2*c**3/3 - c**2/2 - 27*c. Calculate a(b).
7
Let v(n) be the second derivative of -107*n - 2 + 1/2*n**3 - 2*n**2. Give v(6).
14
Let x(j) be the second derivative of -j**5/20 + 5*j**4/6 - 10*j**3/3 + 21*j**2/2 - 1098*j. Calculate x(8).
-11
Let b(x) = -37*x**2 - 8*x + 5. Let j(n) = 5*n**2 + 2*n - 1. Let w(h) = b(h) + 5*j(h). Calculate w(-1).
-14
Let y(i) be the first derivative of 0*i + 1/2*i**2 + 2. Let q(o) = 15*o**2 + o - 63. Let g be q(-2). Determine y(g).
-5
Let v = -20 + 24. Suppose -v*f + 24 = 2*f. Let i(c) be the first derivative of -c**4/4 + c**3 + 2*c**2 + 3*c + 11. Calculate i(f).
3
Let a(s) = -5*s - 71. Let x be a(-13). Let n be (-30)/(-4)*(8/x)/2. Let v(d) = -d + 7. Give v(n).
12
Let n(v) = -v**3 - 31*v**2 - 27*v + 93. Let i be n(-30). Let u(l) = i*l + 0 - 7*l + 9 + 2*l - 5*l. What is u(2)?
-5
Let c(n) = -2*n**2 + 47*n + 2. Let s be c(21). Let i(d) = -9 + 57*d + 49*d - s*d. Determine i(11).
-20
Let f(d) be the first derivative of d**3/3 - 4*d**2 + 4*d - 284. Suppose 2*v = -v + 12. Suppose -4*x + 3*x + 11 = y, 51 = 5*y + v*x. Calculate f(y).
-3
Let a(m) be the first derivative of 1/24*m**4 + 1/2*m**3 - 5*m**2 + 0*m + 12. Let u(q) be the second derivative of a(q). Calculate u(-8).
-5
Let l(m) = 2*m**2 + 11*m + 2. Let y(v) = 6*v**3 + 3*v**2 + 6*v - 11. Let z be y(3). Suppose -z*j + 30 = -202*j. Determine l(j).
-3
Let g(a) = 0 + 2682*a - 5347*a + 1 + 2664*a. Calculate g(4).
-3
Let q = 11665 + -11675. Let d(r) = 18*r + 183. What is d(q)?
3
Let h(w) = 7*w**3 - 10*w**2. Let t = 7 - 1. Let y(a) = 13*a**3 + 0*a + 1598*a**2 + 0*a - 1618*a**2. Let s(j) = t*y(j) - 11*h(j). Determine s(10).
0
Suppose -7 = -3*x - 2*u, -15 = -3*x - 4*u - 4. Let r be 10/3 + (-20)/(-30). Let l(j) = -2*j - 3*j - 4*j + r*j. Calculate l(x).
-5
Let w(t) = -89390 + 44711 + 24*t + 44675. Give w(2).
44
Let j(q) = 6*q - 4. Let p be (52/(-39))/(12/(-27)). Suppose 0 = p*v - 2*b + 5, -4*v - b - 15 = -2*v. What is j(v)?
-34
Let v be 950/304 + 1/(-8). Suppose 0 = v*t, -o - 3 + 5 = -2*t. Let k(d) = d**3 + d + 1. What is k(o)?
11
Let c(t) be the first derivative of -t**4/4 - 21*t**3 + 32*t**2 - 2*t + 4654. Determine c(-64).
-2
Let b(q) = -50*q + 470. Let w(k) = -50*k + 474. Let m(a) = 7*b(a) - 6*w(a). What is m(9)?
-4
Let c(a) be the second derivative of 2*a**3 + 17*a**2 - 2023*a. Calculate c(-4).
-14
Let z(s) = s**3 - 11*s**2 - 28*s + 22. Let l be z(13). Let a(r) = -r - 12. What is a(l)?
-8
Let p(j) = -j + 19. Let o be p(17). Let l(a) = 6*a + o*a**2 + 0*a**2 - 58 - a**2 + 49. Determine l(-8).
7
Let s(h) = -h + 11. Let y be s(5). Let l(m) = 4*m - 6 - 7 - 1. Give l(y).
10
Let n(w) be the third derivative of w**4/6 + 17*w**3/3 + 266*w**2. Calculate n(-6).
10
Let y(b) = 3*b**2 - b**2 + 4 - 3*b**2. Let n(o) = -11*o + 26. Let c(r) = -11*r + 24. Let x(t) = -2*c(t) + 3*n(t). Let a be x(3). Give y(a).
-5
Suppose -7*k - 28 = -14*k. Let f be (26/k)/(4*(-3)/(-24)). Let s(z) = -z + 15. Give s(f).
2
Let c(t) = -t**2 - 7*t - 12. Let p(v) = -3*v**3 + 146*v**2 + 50*v - 55. Let y be p(49). What is c(y)?
-6
Let y(k) = 4*k**3 - 4*k**2 + 47*k + 21. Let q(d) = -d**3 - d**2 - 10*d + 1. Let i(g) = 5*q(g) + y(g). Give i(-8).
-14
Let f(h) be the second derivative of -h**6/120 + 3*h**5/20 + h**4/8 - 7*h**3/6 + 57*h**2 - 8*h. Let y(j) be the first derivative of f(j). Give y(9).
20
Let s(p) = -7*p**2 + 13*p + 4. Let n = 16 + -27. Let d(u) = 13*u**2 - 25*u - 8. Let w(q) = n*s(q) - 6*d(q). Let m = -344 - -351. Calculate w(m).
4
Let p(x) be